, 4*j = -2*u + 6*u + 820. What is the hundreds digit of j?
2
Let t = -3 + 14. What is the tens digit of t/4*(6 + -2)?
1
Let i(a) be the third derivative of -a**6/120 + a**5/30 + a**4/24 + a**3/6 + 2*a**2. Suppose 4*y - 6 = 2, -4*y = -2*m - 4. What is the units digit of i(m)?
3
Suppose -z - 4*b = -21 + 5, 0 = z - b - 1. Suppose r + 0*r = -f + z, -4*f + 4*r + 32 = 0. What is the units digit of 26/7 - f/(-21)?
4
What is the units digit of 91 + 3 + 4*1?
8
Let m be (-3)/(-6)*1*6. Suppose 2*s + m*s = -2*r + 18, 5*r - 3*s - 14 = 0. Suppose 0 = 4*o - 2*o + r*i - 28, 3*i - 63 = -5*o. What is the tens digit of o?
1
Let q(g) = -g**2 + 8*g - 8. Suppose 8*p + 15 = 3*p. Let v be p + 2 + 5 + 2. What is the units digit of q(v)?
4
Suppose -2*s - 3 = 2*h + 1, -2*s = 3*h + 1. Suppose 2*w - 84 = w. Suppose 3*x - 4*a - w = -2*x, 3*a = -h. What is the units digit of x?
6
Suppose -2 = -2*p + 4. Suppose -3*s - w = -6*w + 16, -3*s = -p*w + 18. Let r(c) = -c**2 - 8*c - 4. What is the units digit of r(s)?
3
Let k(c) = -c**2 - 8*c - 5. Suppose 4*p - 53 + 17 = -4*z, 3*p - 3*z - 3 = 0. Let g(f) = f**3 - 4*f**2 - 5*f - 7. Let w be g(p). What is the units digit of k(w)?
2
What is the hundreds digit of (-4*1 + -1)*(-4888)/65?
3
Let w = 176 - 107. What is the units digit of w?
9
Let s = 6 + -6. Suppose 2*w - 33 - 25 = s. What is the units digit of w?
9
Let x = 28 - -76. What is the tens digit of x?
0
Suppose 0 = p - 2*l + 5, 0 = 2*p - 10*l + 5*l + 14. Let d be ((-10)/6)/((-1)/p). Suppose 4*v + 4*a - 2 = 42, v - 7 = -d*a. What is the tens digit of v?
1
Suppose -52*q + 48*q + 188 = 0. What is the tens digit of q?
4
Let g be (-4)/(-6)*(1 - -2). Suppose 9 = g*t + t. Let i(b) = b**2 + 2*b - 3. What is the units digit of i(t)?
2
Let q(w) = 2*w**2 + 3*w + 9. What is the units digit of q(-4)?
9
Suppose -5*h + 2*q - 6 = -266, -4*h + 208 = -5*q. Let n = -31 + h. What is the tens digit of n?
2
Let h(l) = 3*l**2 - 3*l + 21. Let y(k) = 2*k**2 - k + 10. Let r(x) = -3*h(x) + 5*y(x). What is the units digit of r(-9)?
2
Let u = 2 + -1. What is the units digit of u?
1
Suppose 3*p = p. Suppose -t - 2*t + 30 = p. What is the tens digit of t?
1
Let p(r) = -r**3 - r**2 + 5*r + 2. Let t be p(-3). Suppose t*v - 48 = 3*n, 0*v + v - 32 = -5*n. What is the units digit of v?
2
What is the units digit of 5/2*(-1044)/(-30)?
7
Let d = -8 + 14. What is the units digit of d?
6
Let d = 1 + 1. Suppose 0 = -d*x + 9 + 3. Suppose 2*z - j + 1 = -x*j, -2*z = 4*j. What is the units digit of z?
2
Let g be 145 - (3 + (2 - 2)). Suppose 3*o = -4*u + g - 16, -3*o + 159 = 5*u. Let b = -18 + u. What is the tens digit of b?
1
Let t(q) = 2*q**2 + 5*q. Suppose 4*f - 6 = -22. What is the tens digit of t(f)?
1
Let z(x) = x**3 + 3*x**2 - 1. Let y be (0/1)/(2/2). Suppose y = 3*u - 0*u + 6. What is the units digit of z(u)?
3
Let g(a) = 2*a**2 - 3*a + 3. Let f = 11 + -8. What is the tens digit of g(f)?
1
Suppose 3*f = -2*f + 150. Suppose 0 = 3*t - 5*t + f. What is the tens digit of t?
1
Suppose 2*w - 5*w + 99 = 0. What is the tens digit of w?
3
Let h be 9/45 + (-518)/(-10). Suppose -2*m = -6*m + 5*v + 54, 4*m - 4*v = h. What is the units digit of m?
1
Suppose -w - 4 = p, 2*w + 12 = -0*w - 3*p. Suppose -4*m + 6*n - 2*n + 36 = 0, w = -2*m - 5*n - 10. What is the units digit of m?
5
Let s(z) = z - 1. Let v be s(1). Let a(q) = 11*q**2 + q + 1. Let u be a(-1). Suppose v = -j + u. What is the units digit of j?
1
Suppose -58 = -5*j + t - 0, 4*j - 41 = -t. Suppose 2*p - j = -1. What is the units digit of p?
5
Let j = -9 + 4. What is the units digit of 15/j - 5/(-1)?
2
Suppose -3*c - 2*k = -6, 2*c = 5*k + 8 - 4. Let b = 40 - 39. Suppose 1 = c*r - b. What is the units digit of r?
1
Let m be ((-8)/(-12))/((-2)/(-9)). Suppose -m*b + 6*j = 3*j - 30, -4*b = -j - 49. What is the tens digit of b?
1
Suppose -79 = q + 3*u, 197 = -3*q - 2*u - 12. Let o = -37 - q. What is the units digit of o?
0
Let a be 2*3/(-6) - -5. Suppose 5*u - a*p = -2, -10 = u - 3*u - 2*p. Suppose -u = 4*w - 14. What is the units digit of w?
3
Let s(b) = -64*b - 28. What is the hundreds digit of s(-2)?
1
Suppose 0*p + p - 2 = 0. Suppose 2*g - p = 2. What is the units digit of g?
2
Suppose 0 = -4*s + 300 - 88. What is the units digit of s?
3
Let x(f) = 3*f - 4. Let z be x(3). Suppose 6*t - 61 = 3*t + 4*y, 0 = -4*t + z*y + 80. What is the tens digit of t?
1
Let a = 26 - 16. Suppose 0 = -6*l + 5*l + a. What is the tens digit of l?
1
Suppose -2*s + 18 = 148. Let n = s + 97. What is the tens digit of n?
3
Suppose 8*x + 25 = 13*x. What is the units digit of x?
5
Suppose 3*v + 4*w + 20 = 7*v, 2*v + 3*w = 0. Let u be ((-8)/(-3))/(2/9). Suppose v*y + 3 - u = 0. What is the units digit of y?
3
Suppose 5*t - 4*t = 61. What is the units digit of t?
1
Let h be -39*(2 - 21/9). Suppose -17 = -5*r - 2*i, 0 = 2*r - 2*i - 5 - h. Suppose -3 = r*b - 23. What is the units digit of b?
4
Let y(q) = -q**2 + 11. Let d be y(0). Let v = 8 + d. What is the tens digit of v?
1
Let h be -1 + 3 - 1*-1. Suppose -h*f - 4*v + 47 = 0, 4*f - v = 2*v + 21. What is the units digit of f?
9
What is the tens digit of 9/(-6) + 141/6?
2
Let d be ((-1)/(-3))/(2/42). Let j(h) = h**2 - 7*h + 4. Let f be j(d). Suppose s + 18 = f*s. What is the units digit of s?
6
Suppose -3*z + 5*d - 24 = -z, 4*d = -5*z + 6. Let o(c) = c**3 + 2*c**2 - 2*c - 3. Let w be o(z). Suppose -m + 6 = w. What is the units digit of m?
5
Let n(a) = a**3 - 2*a**2 - 10*a - 6. What is the tens digit of n(6)?
7
Suppose -5*p - 15 = k, p + 15 = -2*k - 24. What is the tens digit of (192/(-40))/(6/k)?
1
What is the units digit of ((-36)/(-15))/((-10)/(-1675))?
2
What is the units digit of (-3 - (-462)/8) + (-1)/(-4)?
5
Suppose -21 - 3 = 4*v. Let c(p) = p**3 + 6*p**2 + 8*p + 8. Let i be c(v). Let s = -24 - i. What is the tens digit of s?
1
Suppose -3 - 15 = -i. What is the units digit of i?
8
Suppose 0 = -5*v + 119 + 91. What is the units digit of v?
2
Let j(y) = y**2 + 2*y + 2. Let i be j(-5). Let m be (-1)/4 + (-1)/(-4). Suppose m = -3*a + u + i, 0 = -4*a - a + 4*u + 40. What is the units digit of a?
4
Let m(j) = j - 3. Let l be m(4). Suppose -l - 24 = -g. What is the units digit of g?
5
Let c = -7 - -11. Suppose 2*w = c + 16. What is the units digit of w?
0
Suppose -33 = 3*v - n + 4*n, -2*v = 3*n + 27. Suppose -4*a - 5*d + 55 = 4, -2*a = -d - 15. What is the units digit of (12/a)/((-4)/v)?
2
Let k(n) = -n**3 + 9*n**2 - 7*n + 4. What is the units digit of k(7)?
3
Suppose 116 = 2*z + 5*u, -216 = -0*z - 4*z - 2*u. What is the units digit of z?
3
Let h be (-1)/(-2*(-3)/(-6)). What is the units digit of (31 - h) + (-6)/(-3)?
2
What is the tens digit of (0 - 1) + (2 - -28)?
2
Let i(z) = -2 + 7*z + 2 + 1 - 6. What is the tens digit of i(4)?
2
Suppose 6*l = 129 - 27. What is the tens digit of l?
1
Let w(u) = u. Suppose -s + 0*s = -3. Let h be w(s). Suppose -1 + h = t. What is the units digit of t?
2
Let m be (-50)/(-18) + (-4)/(-18). Suppose -4*s + 4*c + 64 = 0, -43 = -3*s - m*c + c. What is the tens digit of s?
1
Suppose 4*p - 2*i = 9 + 17, -4*p - 4*i + 8 = 0. Suppose 13 = p*w - 7. What is the units digit of w?
4
Let s = -17 - -22. What is the units digit of s?
5
Let k(d) be the second derivative of d**6/720 + d**5/120 - d**4/12 + 2*d. Let l(a) be the third derivative of k(a). What is the units digit of l(3)?
4
Let g(a) = -19*a - 1. What is the units digit of g(-2)?
7
Suppose 7*s - 2*s - 20 = 0. Let o = 11 - s. What is the units digit of o?
7
Suppose 5*g = 4*f - 6, -f + 8 = f. Suppose -n = -g*n - 8. What is the units digit of (2/(-8))/(2/n)?
1
Suppose 3*c - 4*r - 15 = r, c - 5*r - 5 = 0. Suppose 3*s - 3 = h + 4*s, -3*s - 9 = -c*h. What is the units digit of (-3*(h - -1))/(-3)?
1
Let f be (-36)/(-8) + 2/4. Let w(m) = 2*m**2 + 3*m - 3. Let h be w(4). Suppose -f*s + h = 1. What is the units digit of s?
8
Suppose -2*w - 1 = -2*p + p, 0 = 2*p + 3*w - 16. Suppose -v = -3*t + p*t - 19, 4*t = 5*v - 25. What is the units digit of v?
9
Suppose 5*b - 241 = -g, g + 5 - 1 = 0. What is the units digit of b?
9
Let k(d) = d**3 - 7*d**2 - d - 9. Let f be k(7). Let h = -5 - f. What is the units digit of (h/1)/(6 + -5)?
1
Suppose 5*g + 3*p - 9 = 3, -3*p = -g - 12. Suppose -5 = -r - 2*x + 5*x, g = -4*r + x + 20. What is the units digit of r?
5
What is the units digit of 386/6 + (-1